{"id":520,"date":"2022-06-17T20:19:55","date_gmt":"2022-06-17T20:19:55","guid":{"rendered":"http:\/\/wordpress.test-halle-selk.de\/?page_id=11"},"modified":"2025-05-30T18:50:49","modified_gmt":"2025-05-30T18:50:49","slug":"kapelle","status":"publish","type":"page","link":"https:\/\/halle-selk.de\/","title":{"rendered":"Willkommen!"},"content":{"rendered":"\n<div class=\"is-layout-flex wp-container-2 wp-block-columns is-not-stacked-on-mobile\">\n<div class=\"is-layout-flow wp-block-column\">\n<p>Lieber Besucherinnen und Besucher, <br>wir begr\u00fc\u00dfen Sie ganz herzlich auf der Internetseite der <\/p>\n\n\n\n<h2 id=\"wp-block-themeisle-blocks-advanced-heading-b6c76382\" class=\"wp-block-themeisle-blocks-advanced-heading wp-block-themeisle-blocks-advanced-heading-b6c76382\">Gemeinde Sankt Maria-Magdalena Halle <br>der Selbst\u00e4ndigen Evangelisch-Lutherischen Kirche <\/h2>\n<\/div>\n<\/div>\n\n\n\n<p><br>Wir laden Sie ganz herzlich ein, ein wenig zu st\u00f6bern und die eine oder andere Anregung mitzunehmen oder auch an einem Gottesdienst oder einer Veranstaltung teilzunehmen. Daneben geben wir Ihnen auch einen Einblick in unsere sch\u00f6ne Magdalenenkapelle. Sie erfahren, wie Sie unsere Gottesdienst- und Veranstaltungsorte erreichen, \u00fcber Kontakte k\u00f6nnen Sie mit dem Pfarramt in Verbindung treten.<\/p>\n\n\n\n<div class=\"is-layout-flex wp-container-6 wp-block-columns\">\n<div class=\"is-layout-flow wp-block-column\">\n<div class=\"wp-block-flipbox-flipbox-block\"><div class=\"eb-parent-wrapper eb-parent-eb-flipbox-qevn380 \"><div class=\"eb-flipbox-container eb-flipbox-qevn380 eb-flipbox-align-center eb-hover-mode\" data-id=\"eb-flipbox-qevn380\" data-flip-type=\"flip-up\" data-flip-mode=\"hover\"><div class=\"eb-flipper flip-up\"><div class=\"eb-flipbox-front\"><div class=\"eb-flipbox-items-container\"><div class=\"eb-flipbox-icon-wrapper\"><div class=\"eb-flipbox-front-image-container\"><img decoding=\"async\" src=\"https:\/\/halle-selk.de\/wp-content\/uploads\/2023\/05\/quad_Magdalenenkapelle_aussenChor.jpg\"\/><\/div><\/div><div class=\"eb-flipbox-front-title-wrapper\"><h3 class=\"eb-flipbox-front-title\">Magdalenenkapelle<\/h3><\/div><div class=\"eb-flipbox-front-content-wrapper\"><p class=\"eb-flipbox-front-content\">Hier feiern wir unsere sonnt\u00e4glichen Gottesdienste in Halle<\/p><\/div><\/div><\/div><div class=\"eb-flipbox-back\"><div class=\"eb-flipbox-items-container\"><div class=\"eb-flipbox-back-title-wrapper\"><h3 class=\"eb-flipbox-back-title\">Besuchen Sie uns zu den Gottesdiensten<\/h3><\/div><div class=\"eb-flipbox-back-content-wrapper\"><p class=\"eb-flipbox-back-content\">Die Magdalenenkapelle in\nHalle ist seit nunmehr \u00fcber 100 Jahren das kirchliche Zuhause der Gemeinde St. Maria-Magdalena. Das erste Mal am 16. Oktober 1921 (Erntedankfest) und seitdem regelm\u00e4\u00dfig (fast) jeden Sonntag feier wir hier unsere Gottesdienste. Sie finden die Kapelle zentral gelegen am nordwestlichen Rand der Innenstadt in der Moritzburg (Kunstmuseum des Landes Sachsen-Anhalt)<\/p><\/div><div class=\"eb-flipbox-button-container\"><a class=\"eb-flipbox-button-link \" href=\"https:\/\/halle-selk.de\/?page_id=890\/#OrtMagdalenenkapelleHalle\" target=\"_self\" rel=\"noopener\"><div class=\"eb-flipbox-button-content\"><span>Anfahrt zur Kapelle<\/span><\/div><\/a><\/div><\/div><\/div><\/div><\/div><\/div><\/div>\n<\/div>\n\n\n\n<div class=\"is-layout-flow wp-block-column\">\n<div class=\"wp-block-flipbox-flipbox-block\"><div class=\"eb-parent-wrapper eb-parent-eb-flipbox-e3d8t2i \"><div class=\"eb-flipbox-container eb-flipbox-e3d8t2i eb-flipbox-align-center eb-hover-mode\" data-id=\"eb-flipbox-e3d8t2i\" data-flip-type=\"flip-up\" data-flip-mode=\"hover\"><div class=\"eb-flipper flip-up\"><div class=\"eb-flipbox-front\"><div class=\"eb-flipbox-items-container\"><div class=\"eb-flipbox-icon-wrapper\"><div class=\"eb-flipbox-front-image-container\"><img decoding=\"async\" src=\"https:\/\/halle-selk.de\/wp-content\/uploads\/2023\/05\/quad_KanzelaltarMagdalenenkapelle.jpg\"\/><\/div><\/div><div class=\"eb-flipbox-front-title-wrapper\"><h3 class=\"eb-flipbox-front-title\">Unsere Gottesdienste<\/h3><\/div><div class=\"eb-flipbox-front-content-wrapper\"><p class=\"eb-flipbox-front-content\">Gemeinschaft mit Gott in Wort und Sakrament<\/p><\/div><\/div><\/div><div class=\"eb-flipbox-back\"><div class=\"eb-flipbox-items-container\"><div class=\"eb-flipbox-back-title-wrapper\"><h3 class=\"eb-flipbox-back-title\">Lutherische Messe in Halle und den Predigtorten<\/h3><\/div><div class=\"eb-flipbox-back-content-wrapper\"><p class=\"eb-flipbox-back-content\">Der sonnt\u00e4gliche Gottesdienst steht im Mittelpunkt des Gemeindelebens.  Das Angebot von Taufe, Beichte und Abendmahl wird regelm\u00e4\u00dfig wahrgenommen. Die Liturgie mit gesungenen Psalmen entspricht Luthers deutscher Messe. \nGottesdienstorte sind neben der Magdalenenkapelle noch die St.Agnus-Kirche in K\u00f6then, die Dorfkirche in Maasdorf sowie die Johanniskirche in Dessau.<\/p><\/div><div class=\"eb-flipbox-button-container\"><a class=\"eb-flipbox-button-link \" href=\"https:\/\/halle-selk.de\/?page_id=648\/#TabelleGottesdienste\" target=\"_self\" rel=\"noopener\"><div class=\"eb-flipbox-button-content\"><span>Gottesdiensttermine<\/span><\/div><\/a><\/div><\/div><\/div><\/div><\/div><\/div><\/div>\n<\/div>\n\n\n\n<div class=\"is-layout-flow wp-block-column\">\n<div class=\"wp-block-flipbox-flipbox-block\"><div class=\"eb-parent-wrapper eb-parent-eb-flipbox-47ouulq \"><div class=\"eb-flipbox-container eb-flipbox-47ouulq eb-flipbox-align-center eb-hover-mode\" data-id=\"eb-flipbox-47ouulq\" data-flip-type=\"flip-up\" data-flip-mode=\"hover\"><div class=\"eb-flipper flip-up\"><div class=\"eb-flipbox-front\"><div class=\"eb-flipbox-items-container\"><div class=\"eb-flipbox-icon-wrapper\"><div class=\"eb-flipbox-front-image-container\"><img decoding=\"async\" src=\"https:\/\/halle-selk.de\/wp-content\/uploads\/2023\/05\/quad_Gemeindehaus_Schild.jpg\"\/><\/div><\/div><div class=\"eb-flipbox-front-title-wrapper\"><h3 class=\"eb-flipbox-front-title\">Gemeindehaus und Pfarramt<\/h3><\/div><div class=\"eb-flipbox-front-content-wrapper\"><p class=\"eb-flipbox-front-content\">Ort des Zusammentreffens<\/p><\/div><\/div><\/div><div class=\"eb-flipbox-back\"><div class=\"eb-flipbox-items-container\"><div class=\"eb-flipbox-back-title-wrapper\"><h3 class=\"eb-flipbox-back-title\">Hier treffen Sie den Pfarrer und begegnet sich die Gemeinde<\/h3><\/div><div class=\"eb-flipbox-back-content-wrapper\"><p class=\"eb-flipbox-back-content\">Im Jahr 1997 erwarb die Gemeinde dieses Haus im Advokatenweg 48 (M\u00fchlwegviertel, gegen\u00fcber der Diakonie) und baute es zu Ihrem Gemeindehaus um. Im Haus befinden sich neben dem Gemeinderaum noch eine Pfarrwohnung, das Pfarramt sowie Einliegerwohnungen. \n<\/p><\/div><div class=\"eb-flipbox-button-container\"><a class=\"eb-flipbox-button-link \" href=\"https:\/\/halle-selk.de\/?page_id=890\/#OrtGemeindehausPfarramtHalle\" target=\"_self\" rel=\"noopener\"><div class=\"eb-flipbox-button-content\"><span>Anfahrt zum  Gemeinde-haus<\/span><\/div><\/a><\/div><\/div><\/div><\/div><\/div><\/div><\/div>\n<\/div>\n<\/div>\n\n\n\n<div class=\"is-layout-flex wp-container-10 wp-block-columns\">\n<div class=\"is-layout-flow wp-block-column\">\n<div class=\"wp-block-flipbox-flipbox-block\"><div class=\"eb-parent-wrapper eb-parent-eb-flipbox-19gs7hu \"><div class=\"eb-flipbox-container eb-flipbox-19gs7hu eb-flipbox-align-center eb-hover-mode\" data-id=\"eb-flipbox-19gs7hu\" data-flip-type=\"flip-up\" data-flip-mode=\"hover\"><div class=\"eb-flipper flip-up\"><div class=\"eb-flipbox-front\"><div class=\"eb-flipbox-items-container\"><div class=\"eb-flipbox-icon-wrapper\"><div class=\"eb-flipbox-front-image-container\"><img decoding=\"async\" src=\"https:\/\/halle-selk.de\/wp-content\/uploads\/2023\/03\/pic_quad_Kanzel.jpg\"\/><\/div><\/div><div class=\"eb-flipbox-front-title-wrapper\"><h3 class=\"eb-flipbox-front-title\">Die Predigt<\/h3><\/div><div class=\"eb-flipbox-front-content-wrapper\"><p class=\"eb-flipbox-front-content\">Auslegung von Gottes Wort<\/p><\/div><\/div><\/div><div class=\"eb-flipbox-back\"><div class=\"eb-flipbox-items-container\"><div class=\"eb-flipbox-back-title-wrapper\"><h3 class=\"eb-flipbox-back-title\">So kommt der Glaube aus der Predigt, das Predigen aber aus dem Wort Gottes. R\u00f6m10.17<\/h3><\/div><div class=\"eb-flipbox-back-content-wrapper\"><p class=\"eb-flipbox-back-content\">Um auch Ihnen dieses Geschenk des Glaubens n\u00e4her zu bringen, ver\u00f6ffentlichen wir hier die Predigten der letzten Monate. Noch sch\u00f6ner w\u00e4re es, Sie k\u00f6nnten die Predigten Sonntags live vom Kanzelaltar der Magdalenenkapelle verfolgen.<\/p><\/div><div class=\"eb-flipbox-button-container\"><a class=\"eb-flipbox-button-link \" href=\"https:\/\/halle-selk.de\/?page_id=691\" target=\"_self\" rel=\"noopener\"><div class=\"eb-flipbox-button-content\"><span>Predigten zum Nachlesen<\/span><\/div><\/a><\/div><\/div><\/div><\/div><\/div><\/div><\/div>\n<\/div>\n\n\n\n<div class=\"is-layout-flow wp-block-column\">\n<div class=\"wp-block-flipbox-flipbox-block\"><div class=\"eb-parent-wrapper eb-parent-eb-flipbox-y5y078q \"><div class=\"eb-flipbox-container eb-flipbox-y5y078q eb-flipbox-align-center eb-hover-mode\" data-id=\"eb-flipbox-y5y078q\" data-flip-type=\"flip-up\" data-flip-mode=\"hover\"><div class=\"eb-flipper flip-up\"><div class=\"eb-flipbox-front\"><div class=\"eb-flipbox-items-container\"><div class=\"eb-flipbox-icon-wrapper\"><div class=\"eb-flipbox-front-image-container\"><img decoding=\"async\" src=\"https:\/\/halle-selk.de\/wp-content\/uploads\/2023\/03\/Logo_SELK_gruen_500.jpg\"\/><\/div><\/div><div class=\"eb-flipbox-front-title-wrapper\"><h3 class=\"eb-flipbox-front-title\">Die SELK<\/h3><\/div><div class=\"eb-flipbox-front-content-wrapper\"><p class=\"eb-flipbox-front-content\">eine selbst\u00e4ndige &#8211; evangelische &#8211; lutherische Kirche \n<\/p><\/div><\/div><\/div><div class=\"eb-flipbox-back\"><div class=\"eb-flipbox-items-container\"><div class=\"eb-flipbox-back-title-wrapper\"><h3 class=\"eb-flipbox-back-title\">Wir geh\u00f6ren zur SELK<\/h3><\/div><div class=\"eb-flipbox-back-content-wrapper\"><p class=\"eb-flipbox-back-content\">Die Gemeinde St. Maria-Magdalena ist eine K\u00f6rperschaft des \u00f6ffentlichen Rechts und geh\u00f6rt der Selbst\u00e4ndigen evangelisch-lutherischen Kirche (SELK) an. Von Halle aus werden auch die Predigtorte K\u00f6then, Maasdorf und Dessau mit versorgt. Weitere SELK-Gemeinden in der N\u00e4he finden Sie in Magdeburg, Sangerhausen, Leipzig und Wei\u00dfenfels.<\/p><\/div><div class=\"eb-flipbox-button-container\"><a class=\"eb-flipbox-button-link \" href=\"https:\/\/halle-selk.de\/?page_id=839\" target=\"_self\" rel=\"noopener\"><div class=\"eb-flipbox-button-content\"><span>mehr Info zur SELK<\/span><\/div><\/a><\/div><\/div><\/div><\/div><\/div><\/div><\/div>\n<\/div>\n\n\n\n<div class=\"is-layout-flow wp-block-column\">\n<div class=\"wp-block-flipbox-flipbox-block\"><div class=\"eb-parent-wrapper eb-parent-eb-flipbox-5ui76u9 \"><div class=\"eb-flipbox-container eb-flipbox-5ui76u9 eb-flipbox-align-center eb-hover-mode\" data-id=\"eb-flipbox-5ui76u9\" data-flip-type=\"flip-up\" data-flip-mode=\"hover\"><div class=\"eb-flipper flip-up\"><div class=\"eb-flipbox-front\"><div class=\"eb-flipbox-items-container\"><div class=\"eb-flipbox-icon-wrapper\"><div class=\"eb-flipbox-front-image-container\"><img decoding=\"async\" src=\"https:\/\/halle-selk.de\/wp-content\/uploads\/2023\/03\/pic_Kapelle_Wappen.jpg\"\/><\/div><\/div><div class=\"eb-flipbox-front-title-wrapper\"><h3 class=\"eb-flipbox-front-title\">Kapelle des Kardinal Albrecht<\/h3><\/div><div class=\"eb-flipbox-front-content-wrapper\"><p class=\"eb-flipbox-front-content\">Ort von gro\u00dfer historischer Bedeutung<\/p><\/div><\/div><\/div><div class=\"eb-flipbox-back\"><div class=\"eb-flipbox-items-container\"><div class=\"eb-flipbox-back-title-wrapper\"><h3 class=\"eb-flipbox-back-title\">500 Jahre bewegte Geschichte<\/h3><\/div><div class=\"eb-flipbox-back-content-wrapper\"><p class=\"eb-flipbox-back-content\">Als \u00e4ltester Steinzeuge in der Kapelle gilt das Wappengeviert am Westgiebel mit der Jahresangabe 1509. Die dargestellten stilisierten Salzk\u00f6rber weisen auf die Stadt Halle, die Salbgef\u00e4\u00dfe auf Maria-Magdalena hin. 1514 wurde die Kapelle durch Kardinal Albrecht geweiht, gegen den Martin Luther drei Jahre sp\u00e4ter seine 95 Thesen richtete. Von dieser Weihe zeugt noch heute die gro\u00dfe Wappentafel an der Nordwand der Kapelle.\n<\/p><\/div><div class=\"eb-flipbox-button-container\"><a class=\"eb-flipbox-button-link \" href=\"https:\/\/halle-selk.de\/?page_id=605\" target=\"_self\" rel=\"noopener\"><div class=\"eb-flipbox-button-content\"><span>Geschichte in Zahlen<\/span><\/div><\/a><\/div><\/div><\/div><\/div><\/div><\/div><\/div>\n<\/div>\n<\/div>\n\n\n\n<div class=\"is-layout-flex wp-container-14 wp-block-columns\">\n<div class=\"is-layout-flow wp-block-column\">\n<p><\/p>\n<\/div>\n\n\n\n<div class=\"is-layout-flow wp-block-column\">\n<div class=\"is-content-justification-center is-layout-flex wp-container-12 wp-block-buttons\"><\/div>\n<\/div>\n<\/div>\n","protected":false},"excerpt":{"rendered":"<p>Lieber Besucherinnen und Besucher, wir begr\u00fc\u00dfen Sie ganz herzlich auf der Internetseite der Wir laden Sie ganz herzlich ein, ein wenig zu st\u00f6bern und die eine oder andere Anregung mitzunehmen oder auch an einem Gottesdienst oder einer Veranstaltung teilzunehmen. Daneben geben wir Ihnen auch einen Einblick in unsere sch\u00f6ne Magdalenenkapelle. Sie erfahren, wie Sie unsere &#8230; <a title=\"Willkommen!\" class=\"read-more\" href=\"https:\/\/halle-selk.de\/\" aria-label=\"Read more about Willkommen!\">Weiterlesen<\/a><\/p>\n","protected":false},"author":1,"featured_media":0,"parent":0,"menu_order":0,"comment_status":"closed","ping_status":"closed","template":"","meta":{"_eb_attr":"","ngg_post_thumbnail":0,"_themeisle_gutenberg_block_has_review":false},"_links":{"self":[{"href":"https:\/\/halle-selk.de\/index.php?rest_route=\/wp\/v2\/pages\/520"}],"collection":[{"href":"https:\/\/halle-selk.de\/index.php?rest_route=\/wp\/v2\/pages"}],"about":[{"href":"https:\/\/halle-selk.de\/index.php?rest_route=\/wp\/v2\/types\/page"}],"author":[{"embeddable":true,"href":"https:\/\/halle-selk.de\/index.php?rest_route=\/wp\/v2\/users\/1"}],"replies":[{"embeddable":true,"href":"https:\/\/halle-selk.de\/index.php?rest_route=%2Fwp%2Fv2%2Fcomments&post=520"}],"version-history":[{"count":26,"href":"https:\/\/halle-selk.de\/index.php?rest_route=\/wp\/v2\/pages\/520\/revisions"}],"predecessor-version":[{"id":2617,"href":"https:\/\/halle-selk.de\/index.php?rest_route=\/wp\/v2\/pages\/520\/revisions\/2617"}],"wp:attachment":[{"href":"https:\/\/halle-selk.de\/index.php?rest_route=%2Fwp%2Fv2%2Fmedia&parent=520"}],"curies":[{"name":"wp","href":"https:\/\/api.w.org\/{rel}","templated":true}]}}