{"id":605,"date":"2023-03-06T21:51:26","date_gmt":"2023-03-06T21:51:26","guid":{"rendered":"https:\/\/halle-selk.de\/?page_id=605"},"modified":"2023-07-12T09:23:05","modified_gmt":"2023-07-12T09:23:05","slug":"geschichte-in-zahlen","status":"publish","type":"page","link":"https:\/\/halle-selk.de\/?page_id=605","title":{"rendered":"Geschichte in Zahlen"},"content":{"rendered":"ngg_shortcode_0_placeholder\n\n\n<p class=\"has-text-align-left has-contrast-color has-text-color\">&nbsp;<\/p>\n\n\n\n<div class=\"is-layout-flex wp-container-3 wp-block-columns\">\n<div class=\"is-layout-flow wp-block-column\" style=\"flex-basis:75%\">\n<p><strong>25. Mai 1484<\/strong> Der Grundstein f\u00fcr die Moritzburg wird im Westfl\u00fcgel gelegt. Damit sind auch die Pl\u00e4ne f\u00fcr die Kapelle vorhanden. Der Magdeburger Erzbischof Ernst von Wettin hat damit ein Bollwerk, um die Stadt Halle zu beherrschen.<\/p>\n\n\n\n<p><strong>1503<\/strong> In der Kapelle werden erzbisch\u00f6fliche Messen gehalten.<\/p>\n\n\n\n<p><strong>1509<\/strong> Als einziger Steinzeuge gilt ein Wappengeviert am Westgiebel in der Kapelle. Er weist darauf hin, dass Erzbischof Ernst von Magdeburg diese Hofkapelle in Nutzung hatte. Ein Weihedatum ist nicht verbrieft. Hofgottesdienste gab es schon in der ersten Phase der Fertigstellung.<\/p>\n\n\n\n<p><strong>22. Juli 1514<\/strong> Das ist der Maria-Magdalena-Tag, an dem Kardinal Albrecht die Kapelle nach der <a href=\"https:\/\/www.selk-halle.de\/kap_weihetafel.htm\">Weihe <\/a>mit einer Wappentafel versieht. Sie ist das erste Fr\u00fchrenaissance-Kunstwerk in Halle. Die Kapelle dient auch der Zeigung des &#8222;Halleschen Heiltums\u201c, einer ber\u00fchmten Sammlung kostbarer Reliquien.<\/p>\n\n\n\n<p><strong>1517<\/strong> W\u00e4hrend Martin Luther seine 95 Thesen an den Kardinal richtet, weilt dieser gerade in Mainz. In Halle finden sie gro\u00dfe Resonanz.<\/p>\n\n\n\n<p><strong>1637<\/strong> Burgbrand und Zerst\u00f6rung des Mittelgew\u00f6lbes. Einbau einer Flachdecke. Nutzung durch die Administratoren.<\/p>\n\n\n\n<p><strong>1690<\/strong> Hugenotten feiern ihre ersten Gottesdienste. Umzug 1805 in den Dom.<\/p>\n\n\n\n<p>ab <strong>1805<\/strong> Heu- und Strohmagazin, Vorratsraum, dann Lazarettgeb\u00e4ude<\/p>\n\n\n\n<p><strong>1817<\/strong> Vermietung an die Universit\u00e4t. Holzlager, Reifenmagazin der Salinenbeh\u00f6rde.<\/p>\n\n\n\n<p><strong>1838<\/strong> Vorschlag des Universit\u00e4tskurators: Umbau zum Universit\u00e4tsgeb\u00e4ude<\/p>\n\n\n\n<p><strong>1847<\/strong> Ankauf der Kapelle durch den Preu\u00dfischen Staat<\/p>\n\n\n\n<p><strong>bis 1870<\/strong> milit\u00e4risch genutzt; verwundete Franzosen waren einquartiert.<\/p>\n\n\n\n<p><strong>1894<\/strong> Universit\u00e4tsjubil\u00e4um als Anlass: Beginn der Planung zur Rekonstruktion und Umgestaltung als Universit\u00e4tskirche.<\/p>\n\n\n\n<p><strong>9. Mai 1899<\/strong> Einweihung als Universit\u00e4tskirche.<\/p>\n\n\n\n<p><strong>16. Oktober 1921<\/strong> Die Altlutherische Gemeinde (gegr\u00fcndet am 18.1.1834 in Halle) bekommt das Nutzungsrecht f\u00fcr ihre Gottesdienste, die bis heute regelm\u00e4\u00dfig als Lutherische Messen gefeiert werden.<\/p>\n<\/div>\n\n\n\n<div class=\"is-layout-flow wp-block-column has-base-background-color has-background\" style=\"flex-basis:25%\">\n<h3 class=\"has-text-align-center has-accent-color has-text-color\">Wappengeviert am Westgiebel 1509<\/h3>\n\n\n\n<figure class=\"wp-block-image size-large\"><img decoding=\"async\" loading=\"lazy\" width=\"1024\" height=\"1024\" src=\"https:\/\/halle-selk.de\/wp-content\/uploads\/2023\/03\/pic_Kapelle_Wappen-1024x1024.jpg\" alt=\"\" class=\"wp-image-623\" srcset=\"https:\/\/halle-selk.de\/wp-content\/uploads\/2023\/03\/pic_Kapelle_Wappen-1024x1024.jpg 1024w, https:\/\/halle-selk.de\/wp-content\/uploads\/2023\/03\/pic_Kapelle_Wappen-300x300.jpg 300w, https:\/\/halle-selk.de\/wp-content\/uploads\/2023\/03\/pic_Kapelle_Wappen-150x150.jpg 150w, https:\/\/halle-selk.de\/wp-content\/uploads\/2023\/03\/pic_Kapelle_Wappen-768x768.jpg 768w, https:\/\/halle-selk.de\/wp-content\/uploads\/2023\/03\/pic_Kapelle_Wappen.jpg 1180w\" sizes=\"(max-width: 1024px) 100vw, 1024px\" \/><\/figure>\n\n\n\n<p class=\"has-text-align-center\">Das Wappen zeigt im durch ein Kreuz viergeteilten Feld zweimal 3 stilisierte Salbgef\u00e4\u00dfe und zweimal 3 spitze Salzk\u00f6rbe der Hallknechte, der Halloren. <br>Die Salbgef\u00e4\u00dfe sind das Zeichen der Maria-Magdalena, der Heiligen, der die Kapelle als Schutzpatronin anbefohlen wurde. Die Salzk\u00f6rbe deuten an, woher das Geld und die Menschen kamen, die die Lasten des Baues trugen.<\/p>\n<\/div>\n<\/div>\n","protected":false},"excerpt":{"rendered":"<p>&nbsp; 25. Mai 1484 Der Grundstein f\u00fcr die Moritzburg wird im Westfl\u00fcgel gelegt. Damit sind auch die Pl\u00e4ne f\u00fcr die Kapelle vorhanden. Der Magdeburger Erzbischof Ernst von Wettin hat damit ein Bollwerk, um die Stadt Halle zu beherrschen. 1503 In der Kapelle werden erzbisch\u00f6fliche Messen gehalten. 1509 Als einziger Steinzeuge gilt ein Wappengeviert am Westgiebel &#8230; <a title=\"Geschichte in Zahlen\" class=\"read-more\" href=\"https:\/\/halle-selk.de\/?page_id=605\" aria-label=\"Read more about Geschichte in Zahlen\">Weiterlesen<\/a><\/p>\n","protected":false},"author":1,"featured_media":0,"parent":0,"menu_order":0,"comment_status":"closed","ping_status":"closed","template":"","meta":{"_eb_attr":"","ngg_post_thumbnail":0,"_themeisle_gutenberg_block_has_review":false},"_links":{"self":[{"href":"https:\/\/halle-selk.de\/index.php?rest_route=\/wp\/v2\/pages\/605"}],"collection":[{"href":"https:\/\/halle-selk.de\/index.php?rest_route=\/wp\/v2\/pages"}],"about":[{"href":"https:\/\/halle-selk.de\/index.php?rest_route=\/wp\/v2\/types\/page"}],"author":[{"embeddable":true,"href":"https:\/\/halle-selk.de\/index.php?rest_route=\/wp\/v2\/users\/1"}],"replies":[{"embeddable":true,"href":"https:\/\/halle-selk.de\/index.php?rest_route=%2Fwp%2Fv2%2Fcomments&post=605"}],"version-history":[{"count":20,"href":"https:\/\/halle-selk.de\/index.php?rest_route=\/wp\/v2\/pages\/605\/revisions"}],"predecessor-version":[{"id":1327,"href":"https:\/\/halle-selk.de\/index.php?rest_route=\/wp\/v2\/pages\/605\/revisions\/1327"}],"wp:attachment":[{"href":"https:\/\/halle-selk.de\/index.php?rest_route=%2Fwp%2Fv2%2Fmedia&parent=605"}],"curies":[{"name":"wp","href":"https:\/\/api.w.org\/{rel}","templated":true}]}}

ngg_shortcode_0_placeholder


<p class="has-text-align-left has-contrast-color has-text-color">&nbsp;</p>



<div class="is-layout-flex wp-container-3 wp-block-columns">
<div class="is-layout-flow wp-block-column" style="flex-basis:75%">
<p><strong>25. Mai 1484</strong> Der Grundstein für die Moritzburg wird im Westflügel gelegt. Damit sind auch die Pläne für die Kapelle vorhanden. Der Magdeburger Erzbischof Ernst von Wettin hat damit ein Bollwerk, um die Stadt Halle zu beherrschen.</p>



<p><strong>1503</strong> In der Kapelle werden erzbischöfliche Messen gehalten.</p>



<p><strong>1509</strong> Als einziger Steinzeuge gilt ein Wappengeviert am Westgiebel in der Kapelle. Er weist darauf hin, dass Erzbischof Ernst von Magdeburg diese Hofkapelle in Nutzung hatte. Ein Weihedatum ist nicht verbrieft. Hofgottesdienste gab es schon in der ersten Phase der Fertigstellung.</p>



<p><strong>22. Juli 1514</strong> Das ist der Maria-Magdalena-Tag, an dem Kardinal Albrecht die Kapelle nach der <a href="https://www.selk-halle.de/kap_weihetafel.htm">Weihe </a>mit einer Wappentafel versieht. Sie ist das erste Frührenaissance-Kunstwerk in Halle. Die Kapelle dient auch der Zeigung des &#8222;Halleschen Heiltums“, einer berühmten Sammlung kostbarer Reliquien.</p>



<p><strong>1517</strong> Während Martin Luther seine 95 Thesen an den Kardinal richtet, weilt dieser gerade in Mainz. In Halle finden sie große Resonanz.</p>



<p><strong>1637</strong> Burgbrand und Zerstörung des Mittelgewölbes. Einbau einer Flachdecke. Nutzung durch die Administratoren.</p>



<p><strong>1690</strong> Hugenotten feiern ihre ersten Gottesdienste. Umzug 1805 in den Dom.</p>



<p>ab <strong>1805</strong> Heu- und Strohmagazin, Vorratsraum, dann Lazarettgebäude</p>



<p><strong>1817</strong> Vermietung an die Universität. Holzlager, Reifenmagazin der Salinenbehörde.</p>



<p><strong>1838</strong> Vorschlag des Universitätskurators: Umbau zum Universitätsgebäude</p>



<p><strong>1847</strong> Ankauf der Kapelle durch den Preußischen Staat</p>



<p><strong>bis 1870</strong> militärisch genutzt; verwundete Franzosen waren einquartiert.</p>



<p><strong>1894</strong> Universitätsjubiläum als Anlass: Beginn der Planung zur Rekonstruktion und Umgestaltung als Universitätskirche.</p>



<p><strong>9. Mai 1899</strong> Einweihung als Universitätskirche.</p>



<p><strong>16. Oktober 1921</strong> Die Altlutherische Gemeinde (gegründet am 18.1.1834 in Halle) bekommt das Nutzungsrecht für ihre Gottesdienste, die bis heute regelmäßig als Lutherische Messen gefeiert werden.</p>
</div>



<div class="is-layout-flow wp-block-column has-base-background-color has-background" style="flex-basis:25%">
<h3 class="has-text-align-center has-accent-color has-text-color">Wappengeviert am Westgiebel 1509</h3>



<figure class="wp-block-image size-large"><img decoding="async" loading="lazy" width="1024" height="1024" src="https://halle-selk.de/wp-content/uploads/2023/03/pic_Kapelle_Wappen-1024x1024.jpg" alt="" class="wp-image-623" srcset="https://halle-selk.de/wp-content/uploads/2023/03/pic_Kapelle_Wappen-1024x1024.jpg 1024w, https://halle-selk.de/wp-content/uploads/2023/03/pic_Kapelle_Wappen-300x300.jpg 300w, https://halle-selk.de/wp-content/uploads/2023/03/pic_Kapelle_Wappen-150x150.jpg 150w, https://halle-selk.de/wp-content/uploads/2023/03/pic_Kapelle_Wappen-768x768.jpg 768w, https://halle-selk.de/wp-content/uploads/2023/03/pic_Kapelle_Wappen.jpg 1180w" sizes="(max-width: 1024px) 100vw, 1024px" /></figure>



<p class="has-text-align-center">Das Wappen zeigt im durch ein Kreuz viergeteilten Feld zweimal 3 stilisierte Salbgefäße und zweimal 3 spitze Salzkörbe der Hallknechte, der Halloren. <br>Die Salbgefäße sind das Zeichen der Maria-Magdalena, der Heiligen, der die Kapelle als Schutzpatronin anbefohlen wurde. Die Salzkörbe deuten an, woher das Geld und die Menschen kamen, die die Lasten des Baues trugen.</p>
</div>
</div>

<p>&nbsp; 25. Mai 1484 Der Grundstein für die Moritzburg wird im Westflügel gelegt. Damit sind auch die Pläne für die Kapelle vorhanden. Der Magdeburger Erzbischof Ernst von Wettin hat damit ein Bollwerk, um die Stadt Halle zu beherrschen. 1503 In der Kapelle werden erzbischöfliche Messen gehalten. 1509 Als einziger Steinzeuge gilt ein Wappengeviert am Westgiebel &#8230; <a title="Geschichte in Zahlen" class="read-more" href="https://halle-selk.de/?page_id=605" aria-label="Read more about Geschichte in Zahlen">Weiterlesen</a></p>
